e
Is 31 a factor of 1801861?
False
Is 919196 a multiple of 3?
False
Is 182412 a multiple of 36?
True
Does 9 divide 219483?
True
Is 264 a factor of 2639472?
True
Does 9 divide 6972093?
True
Does 2 divide 556967?
False
Does 100 divide 62200?
True
Is 7580739 a multiple of 29?
False
Is 183500 a multiple of 25?
True
Is 1257856 a multiple of 64?
True
Does 411 divide 1649179?
False
Is 111 a factor of 1466420?
False
Does 9 divide 8208?
True
Is 139 a factor of 23207301?
True
Is 21 a factor of 16163763?
True
Is 261009 a multiple of 242?
False
Does 103 divide 4222444?
False
Is 5 a factor of 3441267?
False
Is 30 a factor of 742710?
True
Does 32 divide 598240?
True
Is 17 a factor of 7690627?
False
Is 9558 a multiple of 118?
True
Does 12 divide 23568?
True
Is 47895 a multiple of 103?
True
Does 15 divide 1102455?
True
Is 21 a factor of 15603?
True
Is 1620836 a multiple of 234?
False
Is 135 a factor of 2431154?
False
Is 626953 a multiple of 152?
False
Is 430704 a multiple of 155?
False
Is 444840 a multiple of 60?
True
Is 33 a factor of 61842?
True
Is 157099 a multiple of 3?
False
Does 219 divide 143883?
True
Is 14880 a multiple of 16?
True
Is 502279 a multiple of 66?
False
Is 24439114 a multiple of 12?
False
Does 114 divide 294377?
False
Is 247889 a multiple of 129?
False
Does 23 divide 169441?
True
Is 48 a factor of 355584?
True
Is 636 a factor of 9281641?
False
Is 2205171 a multiple of 69?
True
Does 27 divide 71926?
False
Is 33 a factor of 71940?
True
Is 150 a factor of 554951?
False
Is 19 a factor of 446917?
False
Is 106736 a multiple of 78?
False
Is 4 a factor of 377576?
True
Does 16 divide 103350?
False
Is 90760 a multiple of 110?
False
Is 6355908 a multiple of 156?
True
Is 4977336 a multiple of 163?
False
Does 120 divide 16894?
False
Does 67 divide 576074?
False
Is 28 a factor of 19930960?
True
Does 11 divide 128577?
False
Is 6 a factor of 173940?
True
Is 8771326 a multiple of 23?
True
Is 174 a factor of 6755662?
False
Is 1561320 a multiple of 126?
False
Is 36 a factor of 114552?
True
Is 111 a factor of 614718?
True
Is 26 a factor of 16832563?
False
Is 11538634 a multiple of 172?
False
Is 304101 a multiple of 189?
True
Is 60 a factor of 63531?
False
Does 418 divide 1165093?
False
Is 38 a factor of 337833?
False
Does 15 divide 782370?
True
Is 280217 a multiple of 14?
False
Is 454398 a multiple of 42?
True
Is 311 a factor of 1577250?
False
Is 1040559 a multiple of 13?
True
Does 63 divide 210197?
False
Is 225 a factor of 39621?
False
Does 107 divide 3317000?
True
Is 42 a factor of 74802?
True
Is 29 a factor of 70151?
True
Is 158788 a multiple of 53?
True
Does 15 divide 2993617?
False
Is 34476 a multiple of 338?
True
Is 423438 a multiple of 35?
False
Is 130 a factor of 66018?
False
Does 186 divide 125076?
False
Is 13 a factor of 536315?
True
Is 9 a factor of 443718?
True
Does 4 divide 204630?
False
Is 2 a factor of 230569?
False
Is 19 a factor of 16938120?
True
Is 155 a factor of 68459?
False
Is 69 a factor of 31947?
True
Is 98226 a multiple of 11?
False
Is 46 a factor of 342286?
True
Is 447504 a multiple of 131?
False
Does 364 divide 3048500?
True
Is 1350787 a multiple of 30?
False
Is 125 a factor of 199375?
True
Is 109 a factor of 351776?
False
Does 12 divide 264813?
False
Does 65 divide 2846495?
False
Does 32 divide 334976?
True
Is 793317 a multiple of 111?
True
Is 4 a factor of 22330?
False
Does 92 divide 120466?
False
Is 182015 a multiple of 59?
True
Is 68259 a multiple of 68?
False
Is 295 a factor of 215645?
True
Does 9 divide 26073?
True
Is 28280 a multiple of 280?
True
Is 36 a factor of 108864?
True
Is 51 a factor of 69312?
False
Is 2395358 a multiple of 20?
False
Does 75 divide 148184?
False
Is 2491962 a multiple of 51?
True
Does 23 divide 1618637?
False
Is 998363 a multiple of 4?
False
Does 16 divide 228820?
False
Is 19 a factor of 39976?
True
Is 488 a factor of 826423?
False
Is 17492 a multiple of 2?
True
Is 2751428 a multiple of 38?
True
Is 24315 a multiple of 3?
True
Is 10018321 a multiple of 1361?
True
Does 274 divide 1086790?
False
Is 8 a factor of 4595098?
False
Is 5342914 a multiple of 21?
False
Is 1615627 a multiple of 403?
True
Is 21 a factor of 7543116?
True
Does 8 divide 1045232?
True
Does 18 divide 1678529?
False
Is 12 a factor of 78168?
True
Is 164 a factor of 235030?
False
Does 40 divide 21671361?
False
Is 26650430 a multiple of 19?
False
Is 10 a factor of 12241610?
True
Is 6 a factor of 3870?
True
Does 14 divide 122402?
True
Does 25 divide 1765750?
True
Is 23 a factor of 124260?
False
Does 15 divide 1390950?
True
Does 94 divide 254834?
True
Is 173 a factor of 1043536?
True
Is 973270 a multiple of 117?
False
Is 245 a factor of 50470?
True
Is 82 a factor of 88068?
True
Is 158616 a multiple of 18?
True
Is 666890 a multiple of 475?
False
Is 2493256 a multiple of 38?
True
Is 38 a factor of 339112?
True
Does 26 divide 19370?
True
Is 44483 a multiple of 19?
False
Is 7 a factor of 9975?
True
Does 34 divide 16372360?
True
Is 1081104 a multiple of 126?
False
Is 27940 a multiple of 220?
True
Is 93 a factor of 121482?
False
Is 78832 a multiple of 208?
True
Is 3835642 a multiple of 939?
False
Is 173 a factor of 10412178?
True
Is 358 a factor of 10599239?
False
Does 2 divide 389754?
True
Does 40 divide 1049800?
True
Is 4438616 a multiple of 392?
True
Does 41 divide 6416582?
True
Does 94 divide 194270?
False
Is 3266880 a multiple of 12?
True
Is 90 a factor of 198790?
False
Does 8 divide 454481?
False
Is 194717 a multiple of 30?
False
Is 60 a factor of 341022?
False
Does 17 divide 619008?
False
Does 60 divide 664927?
False
Does 2 divide 3536862?
True
Is 11160 a multiple of 4?
True
Is 6813 a multiple of 49?
False
Does 38 divide 1323146?
False
Is 7 a factor of 2383136?
True
Does 1284 divide 25748052?
True
Does 46 divide 665206?
True
Is 178 a factor of 7701369?
False
Is 42 a factor of 1254876?
True
Is 20 a factor of 2512807?
False
Is 2214609 a multiple of 93?
True
Is 754223 a multiple of 502?
False
Is 215 a factor of 606413?
False
Does 367 divide 942089?
True
Does 258 divide 1987198?
False
Does 51 divide 58595?
False
Is 4694652 a multiple of 918?
True
Is 28 a factor of 2558556?
True
Is 272715 a multiple of 7?
False
Is 178 a factor of 128694?
True
Is 231972 a multiple of 39?
True
Is 5 a factor of 258934?
False
Is 125826 a multiple of 313?
True
Does 83 divide 501569?
True
Does 647 divide 554356?
False
Is 13932 a multiple of 382?
False
Is 12 a factor of 1018245?
False
Does 541 divide 985161?
True
Is 261 a factor of 143281?
False
Is 482 a factor of 10394812?
True
Does 490 divide 1452360?
True
Is 181 a factor of 4651700?
True
Is 18 a factor of 1128998?
False
Is 5 a factor of 38474?
False
Is 27 a factor of 8818288?
False
Does 19 divide 76737?
False
Is 2221905 a multiple of 616?
False
Does 27 divide 1046061?
True
Does 532 divide 1640156?
True
Is 68415 a multiple of 11?
False
Is 29 a factor of 556299?
False
Is 33 a factor of 355542?
True
Does 44 divide 16382962?
False
Is 7 a factor of 82665?
False
Is 3 a factor of 41987?
False
Is 81 a factor of 1113420?
False
Is 13 a factor of 610245?
False
Is 18 a factor of 113960?
False
Is 74 a factor of 11171?
False
Is 290518 a multiple of 12?
False
Is 156269 a multiple of 352?
False
Is 2682108 a multiple of 572?
True
Is 141338 a multiple of 14?
False
Does 1146 divide 1699785?
False
Is 5 a factor of 7416?
False
Does 18 divide 190929?
False
Is 4374000 a multiple of 17?
False
Does 374 divide 769692?
True
Is 4 a factor of 320664?
True
Is 227772 a multiple of 111?
True
Is 6 a factor of 1233497?
False
Is 381765 a multiple of 821?
True
Does 216 divide 3253392?
True
Is 23 a factor of 58834?
True
Is 40 a factor of 88174?
False
Does 184 divide 936008?
True
Is 276750 a multiple of 30?
True
Is 149 a factor of 2232499?
False
Does 6 divide 14435092?
False
Does 22 divide 42436?
False
Is 482 a factor of 207742?
True
Is 1544760 a multiple of 210?
True
Is 399 a factor of 1127175?
True
Does 227 divide 1063722?
True
Is 19 a factor of 257913?
False
Is 10 a factor of 1380652?
False
Is 21 a factor of 134147?
False
Is 862 a factor of 420185?
False
Is 2021762 a multiple of 70?
False
Is 301262 a multiple of 13?
True
Is 98 a factor of 7104948?
False
Is 153940 a multiple of 188?
False
Is 9 a factor of 189149?
False
Does 8 divide 5354184?
True
D